006*r + 71976. Determine m(-4).
-16
Let t(o) = 9885*o - 157906. Give t(16).
254
Let r(c) = 814*c - 4173. Give r(5).
-103
Let l(m) = -2388*m + 1029222. Calculate l(431).
-6
Let r(i) = -315*i - 8665. Calculate r(-28).
155
Let u(b) = -b**3 - 334*b**2 - 1286*b + 11184. What is u(-330)?
-36
Let x(y) = -y**3 + 64*y**2 - 854*y + 110. Determine x(20).
630
Let k(t) = -73*t**2 - 7732*t + 642. Calculate k(-106).
6
Let h(t) = 3458*t - 522175. Determine h(151).
-17
Let i(m) = m**3 - 21*m**2 + 3549*m - 3522. What is i(1)?
7
Let n(l) = -2*l**2 + 296*l - 6222. Give n(122).
122
Let t(y) = 4*y**3 - 35*y**2 + 1685*y - 15282. Calculate t(9).
-36
Let i(n) = -n**3 + 1319*n**2 + 5220*n + 95254. Calculate i(1323).
-2
Let t(v) = -v**3 - 167*v**2 + 5162*v + 265909. Determine t(-187).
-5
Let g(f) = 24798*f - 51. Give g(0).
-51
Let f(u) = -21*u**3 - 9*u - 7. Determine f(-2).
179
Let s(o) = -o**2 - 141*o + 2452. What is s(-149)?
1260
Let o(q) = -24*q**2 - 1420*q - 992. What is o(-58)?
632
Let o(u) = 6144*u - 2955264. Determine o(481).
0
Let o(i) = -3*i**3 + 10*i**2 + 15*i - 8. Give o(4).
20
Let v(z) = -z**2 + 1746*z + 64633. What is v(-36)?
481
Let b(g) = -184799*g + 3141590. Calculate b(17).
7
Let u(z) = -124*z**2 + 4491*z - 68. Calculate u(36).
904
Let o(c) = 5179*c + 15533. Determine o(-3).
-4
Let c(s) = -226*s**2 - 110*s + 217. What is c(2)?
-907
Let a(v) = 5*v**2 + 2263*v - 2265. What is a(1)?
3
Let n(q) = -q**3 - 39*q**2 - 353*q + 63. What is n(-21)?
-462
Let g(m) = 19*m**2 - 669*m + 2969. What is g(30)?
-1
Let z(f) = 2*f**3 - 123*f**2 - 52*f - 414. What is z(62)?
206
Let s(j) = -j**2 + 75*j + 2632. Give s(-27).
-122
Let y(l) = 3*l**2 - 328*l + 7491. Determine y(24).
1347
Let v(d) = -721*d - 66626. Calculate v(-92).
-294
Let g(x) = -x**2 - 270*x - 19157. Give g(-167).
-1956
Let t(z) = 547*z - 8408. What is t(19)?
1985
Let s(z) = -497*z + 13604. Determine s(24).
1676
Let o(y) = -16*y**2 + 227*y + 828. Determine o(18).
-270
Let i(s) = -7*s**2 - 777*s + 12099. What is i(-125)?
-151
Let k(x) = 3*x**2 - 97*x - 1564. What is k(44)?
-24
Let w(c) = 6*c - 277. Determine w(-20).
-397
Let v(p) = 575*p**3 - 8618*p**2 - 99*p - 60. Determine v(15).
30
Let n(s) = 1315*s**2 + 3986*s + 134. Calculate n(-3).
11
Let a(y) = y**2 - 902925*y - 1805847. What is a(-2)?
7
Let f(i) = -5*i**2 + 6054*i - 339782. What is f(59)?
-1
Let r(n) = n**3 - 49*n**2 - 193*n - 1042. What is r(53)?
-35
Let h(i) = -i**3 + 94*i**2 + 74*i - 6948. Give h(94).
8
Let k(b) = -77775*b + 233318. Determine k(3).
-7
Let h(p) = -p**3 - 33*p**2 - 118*p - 3874. What is h(-33)?
20
Let d(u) = 8*u**2 + 1791*u - 9037. Determine d(5).
118
Let m(u) = -u**3 + 26*u**2 - 78*u + 2230. Determine m(26).
202
Let u(r) = -2*r**3 - 262*r**2 + 252*r - 610. Determine u(-132).
974
Let f(w) = 5*w**3 - 138*w**2 - 134*w + 2142. Determine f(28).
-42
Let r(k) = 43*k**3 + 17*k**2 - 30*k + 138. Calculate r(-4).
-2222
Let r(u) = u**3 + 101*u**2 - 827*u - 63960. Determine r(-103).
3
Let o(s) = -936*s + 26215. Determine o(28).
7
Let n(d) = 4*d**2 - 224*d - 8106. Determine n(81).
-6
Let x(r) = -9*r**2 + 511*r + 3116. Calculate x(-6).
-274
Let g(x) = -451*x**2 - 31572*x + 5. Determine g(-70).
145
Let f(n) = -61*n**3 - 36479*n**2 - 592*n + 3487. What is f(-598)?
-101
Let o(j) = j**3 - 165*j**2 - 3098*j + 736. Give o(182).
8
Let a(o) = -o**3 + 2884*o - 14370. Calculate a(5).
-75
Let k(w) = -112562*w - 225108. Give k(-2).
16
Let j(n) = 199*n**2 + 1535*n + 81. Calculate j(-8).
537
Let h(p) = 2306*p - 5143. Calculate h(2).
-531
Let x(k) = 7*k**2 - 15*k - 9101. Calculate x(-35).
-1
Let d(g) = 287*g**2 + 16360*g + 58. Give d(-57).
1
Let n(p) = -5*p**2 + 2803*p - 39841. Determine n(546).
17
Let f(i) = -91*i**2 - 726*i + 7674. What is f(-14)?
2
Let w(t) = -1020*t + 9283. Calculate w(9).
103
Let r(q) = -q**2 - 181*q + 5387. Calculate r(-207).
5
Let d(h) = -4*h**3 + 21*h**2 - 21*h - 90. Calculate d(6).
-324
Let i(b) = -4383*b - 100816. What is i(-23)?
-7
Let k(o) = -o**3 - 37*o**2 - 155*o + 1683. Determine k(-30).
33
Let q(p) = -639*p**3 + 4465*p**2 + 38*p - 146. Calculate q(7).
-272
Let p(t) = -t**2 + 131*t - 7900. Determine p(88).
-4116
Let a(u) = 666*u - 122539. Calculate a(184).
5
Let f(r) = r**2 - 239*r + 13809. What is f(140)?
-51
Let p(z) = -5766*z - 12378. What is p(-2)?
-846
Let i(f) = -f**2 - 11132*f + 502979. What is i(45)?
14
Let n(z) = -3*z**3 - 11*z**2 + 2976*z + 11885. Determine n(-4).
-3
Let t(n) = n**2 + 3142*n - 711058. What is t(212)?
-10
Let j(g) = -g**3 + 22*g**2 + 51*g - 288. What is j(5)?
392
Let k(n) = -3*n**2 - 258758*n + 5694127. Give k(22).
-1
Let o(l) = -l**3 + 209*l**2 + 124*l + 18228. Give o(210).
168
Let g(q) = 29*q**3 + 20*q**2 + 10*q - 40. Calculate g(-2).
-212
Let t(k) = 7799*k + 935905. Calculate t(-120).
25
Let u(r) = -4*r**3 + 1637*r**2 + 50376*r - 2604. What is u(438)?
24
Let l(c) = c**3 + 4*c**2 + 7*c + 118. Give l(6).
520
Let w(f) = 6*f**2 + 274*f - 2596. Determine w(8).
-20
Let c(t) = -4*t**2 + 1426*t - 122128. What is c(143)?
-6
Let g(f) = f**2 - 114*f - 2623. Give g(-20).
57
Let j(f) = 6798*f + 1114848. Determine j(-164).
-24
Let k(y) = y**3 + 77*y**2 + 788*y + 4481. Determine k(-66).
389
Let r(v) = 23*v**3 - 217*v**2 - 200*v + 18. Give r(-1).
-22
Let b(a) = -857*a + 42899. What is b(50)?
49
Let q(d) = -9*d**2 - 1255*d - 43743. Determine q(-74).
-157
Let q(l) = -1840*l - 12882. Determine q(-7).
-2
Let v(f) = 377*f**2 - 17369*f - 66. Give v(46).
-1308
Let n(j) = -13*j**2 - 124*j + 2990. Calculate n(15).
-1795
Let p(i) = -7*i**2 + 2679*i - 7732. Determine p(380).
-512
Let w(s) = -21386*s + 1603937. Calculate w(75).
-13
Let o(b) = b**3 - 392*b**2 + 445*b - 21434. Calculate o(391).
-320
Let m(w) = -2*w**2 - 258*w - 2210. Calculate m(-9).
-50
Let b(s) = -s**3 - 106*s**2 + 623*s - 1. Calculate b(7).
-1177
Let r(y) = 733*y**2 - 2170*y - 25. Determine r(3).
62
Let n(c) = -286*c + 7311. Calculate n(27).
-411
Let z(t) = -4*t**2 + 2*t - 316. What is z(24)?
-2572
Let o(i) = -i**2 + 14657*i - 14111349. Calculate o(1036).
7
Let l(u) = -2*u**2 - 2213*u - 606824. Determine l(-605).
-9
Let b(y) = 3*y**3 - 2*y**2 - 86*y + 3315. Give b(0).
3315
Let d(z) = -98*z - 3338. What is d(-35)?
92
Let g(n) = 3*n**2 - 164*n + 438. Determine g(47).
-643
Let q(z) = 3*z**2 + 1022*z + 9064. Calculate q(-9).
109
Let p(y) = -324*y - 7512. What is p(-24)?
264
Let p(k) = 20*k**3 - 144*k**2 + 290*k - 1935. What is p(7)?
-101
Let z(i) = 3*i**3 - 247*i**2 + 4311*i - 4459. Calculate z(58).
7
Let d(j) = 824*j + 33791. What is d(-41)?
7
Let s(v) = -204*v + 95292. Give s(467).
24
Let q(b) = -19*b**2 + 338*b + 1730. Calculate q(22).
-30
Let u(a) = -56*a**3 + 7*a**2 - 442*a - 900. Give u(-2).
460
Let x(s) = -s**3 - 7*s**2 + 441*s + 909. Determine x(-2).
7
Let n(o) = -3992*o - 7160. Calculate n(0).
-7160
Let g(r) = 3*r**3 + 44*r**2 - 164*r + 49. Give g(-18).
-239
Let f(a) = 9*a**2 - a + 98. Give f(-9).
836
Let w(q) = 4*q**2 - 654*q + 95. Determine w(163).
-231
Let h(b) = 3*b**3 - 64*b**2 + 151*b + 466. Determine h(5).
-4
Let t(p) = -p**3 + 98*p**2 - 386*p - 484. What is t(94)?
-1424
Let n(i) = 2148*i + 4402. Give n(-2).
106
Let j(m) = 3*m**2 + 596*m + 7043. Calculate j(-12).
323
Let g(n) = n**2 + 682*n + 32167. Give g(-51).
-14
Let m(w) = -1001*w + 37041. Calculate m(37).
4
Let q(m) = -2*m**3 - 318*m**2 - 1846*m - 879. What is q(-153)?
651
Let a(f) = -45*f**3 + 1172*f**2 - 55*f + 138. Calculate a(26).
60
Let v(q) = -q**3 - 2*q**2 + 448*q + 1177. Determine v(-21).
148
Let u(m) = m**2 - 88*m - 12526. Calculate u(-75).
-301
Let s(u) = -1891*u - 277997. Give s(-147).
-20
Let c(g) = g**3 + 15*g**2 - 370*g - 3009. What is c(-25)?
-9
Let y(d) = -19790*d + 197927. Determine y(10).
27
Let x(j) = -3239*j - 8519. Calculate x(-3).
1198
Let x(f) = 1715*f - 83953. Calculate x(49).
82
Let p(c) = -28*c**2 - 850*c + 3878. What is p(4)?
30
Let k(u) = -27*u - 1944. What is k(-74)?
54
Let n(x) = x**3 - 144*x**2 + 380*x - 33886. Determine n(143).
5
Let b(y) = 19207*y + 115322. What is b(-6)?
80
Let u(p) = 7*p**2 - 2354*p - 4043. Calculate u(338).
13
Let h(s) = 295*s + 25066. Give h(-85).
-9
Let n(p) = 25*p**2 + 410*p - 173. Determine n(-17).
82
Let k(c) = -421*c + 49692. What is k(118)?
14
Let v(p) = -6154*p - 1852359. Give v(-301).
-5
Let u(j) = -j**3 + 20*j**2 + 62*j - 1128. Give